20?
8
What is the hundred millions digit of 423730264?
4
What is the hundreds digit of 2494590?
5
What is the hundred millions digit of 149281373?
1
What is the hundred millions digit of 158611005?
1
What is the ten millions digit of 3246401709?
4
What is the ten millions digit of 608324382?
0
What is the hundred thousands digit of 5663957659?
9
What is the ten thousands digit of 121236866?
3
What is the hundred thousands digit of 674447827?
4
What is the units digit of 522889163?
3
What is the ten millions digit of 782620443?
8
What is the hundred millions digit of 137758896?
1
What is the ten thousands digit of 189984359?
8
What is the ten thousands digit of 5296017919?
1
What is the tens digit of 49806738?
3
What is the tens digit of 92048547?
4
What is the tens digit of 133780712?
1
What is the ten millions digit of 243820943?
4
What is the units digit of 1034152176?
6
What is the ten millions digit of 230187316?
3
What is the tens digit of 8965716262?
6
What is the ten millions digit of 157209575?
5
What is the ten millions digit of 294192500?
9
What is the units digit of 1390860447?
7
What is the tens digit of 282162264?
6
What is the ten thousands digit of 26638776?
3
What is the hundred millions digit of 2628267234?
6
What is the hundred thousands digit of 5442784996?
7
What is the units digit of 1225181455?
5
What is the ten millions digit of 1116050545?
1
What is the ten millions digit of 178176423?
7
What is the ten thousands digit of 536330086?
3
What is the thousands digit of 86417373?
7
What is the millions digit of 57431506?
7
What is the hundred thousands digit of 738439937?
4
What is the hundreds digit of 109567952?
9
What is the thousands digit of 899844304?
4
What is the hundred millions digit of 108996169?
1
What is the billions digit of 1259124891?
1
What is the hundred millions digit of 259545952?
2
What is the tens digit of 78889664?
6
What is the units digit of 3235175819?
9
What is the millions digit of 203004314?
3
What is the ten thousands digit of 1988161032?
6
What is the units digit of 4682768644?
4
What is the tens digit of 587963993?
9
What is the hundreds digit of 39086885?
8
What is the hundred millions digit of 1255954688?
2
What is the tens digit of 424985585?
8
What is the millions digit of 1539363242?
9
What is the ten millions digit of 33333460?
3
What is the ten thousands digit of 205280002?
8
What is the ten millions digit of 1366111571?
6
What is the ten thousands digit of 1189554567?
5
What is the millions digit of 952970393?
2
What is the ten millions digit of 330302156?
3
What is the tens digit of 452754810?
1
What is the tens digit of 144378667?
6
What is the thousands digit of 6323244066?
4
What is the tens digit of 971763630?
3
What is the ten thousands digit of 4262611?
6
What is the millions digit of 80650576?
0
What is the ten millions digit of 137777649?
3
What is the hundred thousands digit of 221772108?
7
What is the ten millions digit of 341525807?
4
What is the ten thousands digit of 126418965?
1
What is the hundred millions digit of 119618558?
1
What is the hundreds digit of 10413122?
1
What is the hundred thousands digit of 1084792840?
7
What is the tens digit of 797259122?
2
What is the ten thousands digit of 2486261264?
6
What is the thousands digit of 915722275?
2
What is the hundreds digit of 150190703?
7
What is the millions digit of 977008265?
7
What is the millions digit of 349457383?
9
What is the hundred thousands digit of 1343981049?
9
What is the tens digit of 1950521571?
7
What is the hundreds digit of 2600308442?
4
What is the ten thousands digit of 1237391741?
9
What is the ten millions digit of 480721229?
8
What is the hundreds digit of 2185037736?
7
What is the tens digit of 61715644?
4
What is the thousands digit of 6206874536?
4
What is the tens digit of 39542678?
7
What is the thousands digit of 2491256452?
6
What is the hundred millions digit of 951875286?
9
What is the tens digit of 28214401?
0
What is the thousands digit of 515742404?
2
What is the hundreds digit of 155134970?
9
What is the millions digit of 5311179?
5
What is the tens digit of 1135841894?
9
What is the millions digit of 357412667?
7
What is the thousands digit of 92074193?
4
What is the thousands digit of 254953503?
3
What is the hundreds digit of 13425146?
1
What is the hundred thousands digit of 24237046?
2
What is the units digit of 223678126?
6
What is the ten millions digit of 97612022?
9
What is the tens digit of 230089445?
4
What is the millions digit of 228396872?
8
What is the tens digit of 46840111?
1
What is the ten millions digit of 191080326?
9
What is the tens digit of 324978049?
4
What is the hundreds digit of 25015755?
7
What is the thousands digit of 647765743?
5
What is the hundreds digit of 97319458?
4
What is the hundred millions digit of 533433903?
5
What is the hundred thousands digit of 1569568872?
5
What is the millions digit of 4810570?
4
What is the hundred thousands digit of 49500002?
5
What is the thousands digit of 23025231?
5
What is the hundred millions digit of 319249657?
3
What is the millions digit of 87318854?
7
What is the thousands digit of 2677682049?
2
What is the ten millions digit of 294968966?
9
What is the tens digit of 18039366?
6
What is the ten thousands digit of 40236182?
3
What is the ten millions digit of 39367890?
3
What is the hundreds digit of 1766574979?
9
What is the tens digit of 2043706883?
8
What is the ten thousands digit of 646425265?
2
What is the hundred thousands digit of 40955442?
9
What is the hundred millions digit of 4941972020?
9
What is the hundred millions digit of 2897287347?
8
What is the ten thousands digit of 629966085?
6
What is the hundred thousands digit of 176736548?
7
What is the hundred thousands digit of 99158690?
1
What is the ten thousands digit of 14042703?
4
What is the ten thousands digit of 13946070?
4
What is the thousands digit of 54031585?
1
What is the units digit of 3196169?
9
What is the ten millions digit of 261576492?
6
What is the thousands digit of 217383973?
3
What is the hundreds digit of 6716581315?
3
What is the units digit of 258074592?
2
What is the ten thousands digit of 35294077?
9
What is the millions digit of 182503581?
2
What is the thousands digit of 227213894?
3
What is the hundred millions digit of 1141701104?
1
What is the ten millions digit of 248220349?
4
What is the ten millions digit of 25809495?
2
What is the hundred thousands digit of 13989956?
9
What is the ten thousands digit of 1478275471?
7
What is the ten millions digit of 1246948375?
4
What is the ten thousands digit of 45612112?
1
What is the hundreds digit of 59746184?
1
What is the ten millions digit of 118299869?
1
What is the units digit of 141941519?
9
What is the tens digit of 40733763?
6
What is the hundred thousands digit of 2274330?
2
What is the units digit of 112430065?
5
What is the thousands digit of 403479294?
9
What is the hundred millions digit of 2883297182?
8
What is the units digit of 2307341174?
4
What is the hundred thousands digit of 1618020539?
0
What is the units digit of 5307168881?
1
What is the units digit of 1927174?
4
What is the millions digit of 33029728?
3
What is the units digit of 2296048887?
7
What is the hundreds digit of 115589722?
7
What is the hundred thousands digit of 1811505058?
5
What is the tens digit of 34120531?
3
What is the billions digit of 1463341102?
1
What is the thousands digit of 403125713?
5
What is the ten thousands digit of 2644736641?
3
What is the thousands digit of 5545321060?
1
What is the hundred thousands digit of 478354580?
3
What is the hundred thousands digit of 751705301?
7
What is the hundred thousands digit of 3349526817?
5
What is the units digit of 37703912?
2
What is the millions digit of 328229889?
8
What is the ten millions digit of 76306642?
7
What is the ten thousands digit of 520006420?
0
What is the ten thousands digit of 1982516897?
1
What is the hundreds digit of 203255974?
9
What is the hundred millions digit of 310167805?
3
What is the ten thousands digit of 13371612?
7
What is the millions digit of 1213321515?
3
What is the units digit of 75968331?
1
What is the ten millions digit of 2506326476?
0
What is the units digit of 66137170?
0
Wha